1. What are the prime factors of t(2)?
13
Suppose n - 30 = -6. Let m(t) = t**3 + 4*t**2 - 4*t + 7. Let s be m(-5). Suppose -4 = s*l - n. List the prime factors of l.
2, 5
Let j(z) = -z**3 + 5*z**2 + 2*z - 3. Let k(t) = t**3 + 4*t**2 + 1. Let m be k(-4). Let h be 7 + -1 + -2 + m. What are the prime factors of j(h)?
7
Let q(n) = -n**2 + n + 1. Let i(u) = 5*u**2 - 2*u - 3. Let g(h) = -i(h) - 4*q(h). Let l be g(-3). Let r(a) = -a**2 - 5*a + 1. List the prime factors of r(l).
5
Let t be 5/((-5)/3) + -25. Let a = t + 64. List the prime factors of a/10 + (-10)/(-25).
2
List the prime factors of 8/20 + (-706)/(-10).
71
List the prime factors of (-15)/6 - -3 - 267/(-2).
2, 67
What are the prime factors of 26 - 1/(3 + -2)?
5
Let v(u) be the first derivative of u**2/2 + 4*u - 2. Let z be v(-4). Let x = 2 - z. What are the prime factors of x?
2
Let t(m) = 27*m - 1. Let c be t(-1). List the prime factors of c/(-6) - 4/6.
2
Suppose -7*o + 3*o = -4*a + 288, -139 = -2*a + o. Suppose -3*k - q + 98 = 0, k + k - q - a = 0. Suppose 0*u - 3*u + k = 0. What are the prime factors of u?
11
List the prime factors of -3*(-6)/(-9) - (-156 - -3).
151
Let g = 1 + -15. Let d be g/(-6) + 5/(-15). Suppose -d*i - 45 = -5*c, 6*c = 3*c - i + 38. What are the prime factors of c?
11
What are the prime factors of -1*186/(-2 - 0)?
3, 31
Suppose 0 = -0*c + 2*c - 36. Let s be (-1 + 0)*(3 - c). Let b = -4 + s. List the prime factors of b.
11
Let q = 7 + -4. Suppose 4*l - 20 = 0, 3*i - 3*l - q = -9. What are the prime factors of 20 - (-3 + 3/i)?
2, 11
Let h = 3 + -3. Suppose -5*p = -3*w + 37, -2*w - 3*p + p - 2 = h. What are the prime factors of w?
2
Suppose -h - 2*h + 3*g + 174 = 0, -5*h - 2*g + 325 = 0. What are the prime factors of h?
3, 7
Let f(b) be the second derivative of -b**4/12 + 5*b**3/6 - 3*b**2/2 - b. Let w be f(3). Suppose w*k - 4*k = -2. What are the prime factors of k?
2
Let y(d) = d + 14. Let u be y(-10). Suppose 0 = -n + u + 7. List the prime factors of n.
11
Suppose -5*b = 4*p - 412, b + p + 3*p - 76 = 0. Suppose s = -4*g - 24, 0*s = -2*g - 3*s - 12. What are the prime factors of ((-4)/g)/(4/b)?
2, 7
Let v(g) = -5*g + 23. What are the prime factors of v(-15)?
2, 7
Let r = -3 + 1. Let i(x) = x**2 + x - 2. Let d be i(r). List the prime factors of 1 - (d - (-2 - -3)).
2
Let g = 20 - 15. Suppose g*y - 66 = 9. What are the prime factors of y?
3, 5
Let z be (0 + -3)/((-9)/12). What are the prime factors of 26/4 - z/8?
2, 3
List the prime factors of (-100)/3*(-13 - -10).
2, 5
Let v be ((-5)/3)/(4/(-24)). Let j = v + 3. List the prime factors of j.
13
Let y(h) be the second derivative of -h**4/6 + h**3/2 - h**2/2 + 3*h. Let a be y(2). Let x(j) = 2*j**2 + 2*j - 1. List the prime factors of x(a).
11
Let r = -16 + 10. Let z(a) = a**2 + 4*a + 1. What are the prime factors of z(r)?
13
Suppose -x - 44 + 10 = 0. Let l = x - -57. List the prime factors of l.
23
Let t(a) = -a**3 - 20*a**2 + a + 11. Let x be t(-20). List the prime factors of x/((-24)/20 + 1).
3, 5
Let c = -54 + 98. List the prime factors of c.
2, 11
Suppose -3*x + 2*c = -36, 0 = 4*x + 4*c - 3 - 25. Let s(f) = -f - 1. Let m be s(-2). Let q = m + x. List the prime factors of q.
11
Suppose 1629 = 7*u - 863. List the prime factors of u.
2, 89
What are the prime factors of (8/12)/((-4)/(-42))?
7
Let w(l) = -l**2 + 7*l + 2. Let r be w(5). Let j = -5 + r. List the prime factors of j.
7
Let l(g) = -9*g - 3*g + 1 - 2. List the prime factors of l(-3).
5, 7
Let z(h) = 10*h**2 - 3*h**2 - 2*h + 4*h - 1. What are the prime factors of z(1)?
2
Suppose -2*d = -5*c + 20, 4*c - 5*c = 4. Let s be (1 + -2)/((-4)/d). What are the prime factors of (-2)/5 + (-52)/s?
2, 5
Suppose -2*m - 5*a + 23 = 0, m + 7 - 35 = 3*a. Let u(p) = -3*p**2 - 2*p + 1. Let j be u(-2). Let x = j + m. List the prime factors of x.
2, 3
Let u be 0*(3/(-2) + 1). Suppose -n + 2*n - 4 = u. Suppose -v - 4*v + 7 = -k, 4*v + 4 = n*k. What are the prime factors of k?
3
Let i = 58 + -18. Suppose 4*p = 16 + i. List the prime factors of p.
2, 7
List the prime factors of 18 + 3 + (-4 - 2).
3, 5
Let q be 2 + (-3 + 2)*-2. Let j = q + -4. Suppose j = 2*b - 13 - 1. List the prime factors of b.
7
Suppose 0 = 4*u + 1 + 3. Let b = 1 - u. Suppose 3*m - 2*m = b. What are the prime factors of m?
2
Suppose -6*r + 13 = 643. Let s(z) = -2*z - 14. Let t be s(-10). What are the prime factors of t/(-5)*r/6?
3, 7
Let z(s) = 2*s**3 - s**2 + 2*s - 2*s**3 + 3 - 2*s**3. Suppose 9 = -5*h - 1. List the prime factors of z(h).
11
Suppose -5*i = -108 + 3. What are the prime factors of i?
3, 7
Suppose 0 = -2*a - 0*a + 152. What are the prime factors of a?
2, 19
Let z be 3 + (-3 - -2) + 18. Let i be 76/z - 1/(-5). Suppose -2*b = f + i*f - 30, -3*b = 3*f - 18. What are the prime factors of f?
2, 3
Suppose -5*c = -2*y + 15, c = -3*c - 12. List the prime factors of 2 + 0 - -10 - y.
2, 3
Let w(m) = -m - 6. Let x be w(-4). What are the prime factors of 3/x*(-28)/3?
2, 7
Suppose -2*j = -j + c - 1, j + 4*c = 7. Let q be (4/(-8))/(j/6). Suppose 33 = q*p + 3. What are the prime factors of p?
2, 5
Let s = 10 - 14. Let q = -13 + s. Let n = -7 - q. List the prime factors of n.
2, 5
Let o(l) be the first derivative of l**4/4 - l**3/3 + 3*l**2/2 + 4*l + 3. List the prime factors of o(3).
31
Let s = -7 + 8. Suppose -u = -3 - s. Suppose 37 - 9 = u*a. What are the prime factors of a?
7
Let m = 50 - -27. List the prime factors of m.
7, 11
Suppose 10*g + 180 = 30*g. List the prime factors of g.
3
Suppose -2*n + 114 = 3*c, -5*n + 3*c + 251 = 2*c. List the prime factors of n.
3, 17
Let p = 30 + -16. List the prime factors of p.
2, 7
Suppose 6*t + 74 = 1178. List the prime factors of t.
2, 23
Suppose 2*v - 3*v + 72 = 0. What are the prime factors of v?
2, 3
Let y be 14/(-4)*(4 - 156). Let v be (-2)/3 - y/(-6). What are the prime factors of (1/2)/(4/v)?
11
Suppose -5*r = -18 + 3. Suppose 4*p - r*c - 2*c - 2 = 0, 5*c + 5 = 5*p. Suppose 9 - 3 = p*o. List the prime factors of o.
2
Suppose -7*o + 2*o + 15 = 0. Suppose -o*n = -2*x - x - 30, 3*n - 24 = 5*x. What are the prime factors of n?
13
Suppose 3*r - 3*j - 135 = 0, 5*j - 13 = 2*r - 106. Let x = r + -16. What are the prime factors of x?
2, 7
Suppose -4*l + 0*l + 12 = 0. Let x be 8/12 - (-7)/l. Suppose x*f = 15, 2*t + f + 5 - 32 = 0. List the prime factors of t.
11
Let s(o) = -o**3 - 8*o**2 - 5*o - 7. Let i be s(-6). Let l = 70 + i. List the prime factors of l.
3, 7
Let j(f) be the second derivative of -3*f**5/10 + f**4/12 - f**3/6 - f**2/2 - f. What are the prime factors of j(-1)?
7
List the prime factors of (-4)/16 - (-1023)/12.
5, 17
Suppose 2*k - 10 = 36. Let s = k - 15. Suppose 2*f - s = 6. What are the prime factors of f?
7
Suppose r + 2*g - 3 = 0, -5 - 4 = -3*r - 5*g. Suppose -22 = r*t - 163. What are the prime factors of t?
47
Let y(r) be the first derivative of -2*r + 1/3*r**3 + r**2 - 3. List the prime factors of y(2).
2, 3
Suppose -3*a + 6 = -a, -154 = -f + 5*a. List the prime factors of f.
13
Let n = -1 - -4. List the prime factors of 20 - ((-3)/n)/(-1).
19
Let m be 1 + -2 - (-8)/2. Suppose -67 = -h - m*j - 17, 0 = 4*h - j - 161. List the prime factors of h.
41
Let q be -10*1*2/(-4). Let x = 0 + q. Suppose 0*t + x*y + 19 = 3*t, -2*y + 11 = 5*t. What are the prime factors of t?
3
Suppose 3*b - b - 106 = 0. List the prime factors of b.
53
Suppose -x + 6 = 3. Let y(r) = 0 + 0 - x - 7*r. List the prime factors of y(-2).
11
Let h be ((-10)/4)/(1/2). What are the prime factors of 103/5 + (-2)/h?
3, 7
Let q(j) = -2*j - 4 + j - 1. Let g be q(-5). Let m = 10 + g. What are the prime factors of m?
2, 5
Suppose 0 = -6*w - 41 - 169. Let q be (1/2)/((-2)/76). Let n = q - w. List the prime factors of n.
2
Let b = 7 + 6. List the prime factors of b.
13
Let u = 2 + 1. Suppose 0 = -o - u*s + 5, 2*o + 44 = -2*o + 4*s. Let z = 12 + o. What are the prime factors of z?
5
List the prime factors of (-1)/((-3)/15*1).
5
Let s = -21 + 54. Suppose n - s = -h + 22, -4*n + 3*h = -220. List the prime factors of n.
5, 11
Let w(x) = x**3 - 14*x**2 + 12*x + 14. Let q be w(13). Suppose s = 2*s - 2. Let t = s + q. What are the prime factors of t?
3
Suppose v + 10 = 6*v. Suppose -8*k + v*k = -174. List the prime factors of k.
29
Suppose 3*h - 2*h = 19. What are the prime factors of h?
19
Suppose 135 